ed by i.
4
Let h(g) = -2*g + 5. Calculate the remainder when 6 is divided by h(1).
0
Let n be -4 + 3 - -1*2. What is the remainder when -3 - -5*(n - -1) is divided by 3?
1
Let c = -54 - -57. Calculate the remainder when c is divided by 2.
1
Let f(w) = -w + 10. Let g be f(8). Suppose 6*s = g*s + 220. Let y(a) = -18*a**3 + a**2 + a + 1. Calculate the remainder when s is divided by y(-1).
17
Suppose 3*p = 3*m - 0*p - 15, m - 21 = -3*p. Let h = -50 + 55. Calculate the remainder when m is divided by h.
4
Let p(h) = -4*h**2 + 13*h**2 - 4 + 11*h + 2 - h**3 - 5. Let q = -11 + 19. Calculate the remainder when q is divided by p(10).
2
Let r(u) = -u**2 + u - 1. Let f(k) = -18*k**3 - 2*k**2 + 3*k. Let z(p) = f(p) - r(p). What is the remainder when 30 is divided by z(-1)?
14
What is the remainder when 13*30/3 - -4 is divided by 27?
26
Let a(v) = -v**3 + 7*v**2 + 4*v - 8. Let h = 137 - 59. What is the remainder when h is divided by a(7)?
18
Let x(n) = n - 1. Let k be (4/8)/((-2)/(-20)). Let q be x(k). Let d = 15 - q. Calculate the remainder when d is divided by 6.
5
Suppose -z - 19 + 4 = -4*l, 0 = -3*z - 3*l + 30. Let h be -1*(0 - (-2 - -2)). Let c = 2 + h. Calculate the remainder when z is divided by c.
1
Let q(b) = 2*b**2 - 3*b - 3. Suppose -3*d = -3*p + 15, 4*p + 4*d = 2*p - 2. Suppose -12 = -t - p*t. Calculate the remainder when 16 is divided by q(t).
4
Suppose 0 = 2*x + v - 10, 0*x + 15 = 3*x + 4*v. Suppose x*p - 221 = 24. What is the remainder when p is divided by 17?
15
Suppose -3*w + 5 = -1. Suppose 15 = w*a + p, 0 = -0*p + 3*p + 15. What is the remainder when 18 is divided by a?
8
Suppose 4*c = -0*c + 20. Let i = c - 3. Suppose -i*l - 7 + 53 = 0. What is the remainder when l is divided by 8?
7
Let p be 129/6 + 2/(-4). Suppose -2*t + 5*g + p = -0*t, 5*g = -t + 18. Suppose -42 - 21 = -i. Calculate the remainder when i is divided by t.
11
Suppose g = -g + 100. Calculate the remainder when g is divided by 13.
11
Let s(i) = 3*i**3 - 3*i**2 + 3*i - 2. Calculate the remainder when 62 is divided by s(2).
14
Let w = -4 - -8. Let n be 1*(-2 - (-2 - 5)). Let x = n - -5. What is the remainder when x is divided by w?
2
Let t = 10 + -6. Suppose 8 = -3*s - s, t*s = 4*f - 84. What is the remainder when 56 is divided by f?
18
Suppose 0*g + 3*g = 3*l - 30, -5*l + 3*g + 48 = 0. What is the remainder when 61 is divided by l?
7
Let q = -20 + 43. What is the remainder when 68 is divided by q?
22
Let i be 1/2 + (-65)/(-26). Suppose 5*l - p = 3, 0 = -l + i*l - 4*p + 6. Calculate the remainder when l is divided by 1.
0
Let n be (2 + -2)/(0 - -1). Suppose n = 4*y - 8 - 0. Calculate the remainder when y is divided by 2.
0
Let k be (-2 - 10/(-6))*-12. Suppose 3 = 3*u + 5*l, 5*u - k*l = -7*l + 21. Suppose -51 = 3*i - 6*i. What is the remainder when i is divided by u?
5
Let c be (-6)/(-27)*-3*-3. Suppose 3*n - 2*i = -7*i + 100, 2*n - c*i - 40 = 0. Calculate the remainder when n is divided by 9.
7
Suppose -2*l = l - 9. Suppose -7*d + l = -4*d. Let y = 6 + d. What is the remainder when y is divided by 4?
3
Calculate the remainder when 477/4 + 22/(-88) is divided by 24.
23
Suppose 0 = 9*k - 5*k - 92. Calculate the remainder when k is divided by 6.
5
Let d = 64 - -37. What is the remainder when d is divided by 13?
10
Let u(n) = 4*n + 4*n - 4*n. Let i be u(-1). Calculate the remainder when 22 is divided by -4*(1 - i/(-1)).
10
What is the remainder when (10/(-20))/((-1)/36) is divided by 11?
7
Let o = -6 - -6. Suppose o = -u + 5 + 7. What is the remainder when 46 is divided by u?
10
Let j(g) = 5*g + 60. What is the remainder when 28 is divided by j(-10)?
8
Suppose -5*j - c = 4*c - 50, 3*j - c - 14 = 0. Suppose j*m + 32 = 2*m. Let u(a) = a**3 + 9*a**2 + 8*a + 9. What is the remainder when u(m) is divided by 5?
4
Let z(o) = -10*o + 5. What is the remainder when z(-6) is divided by 33?
32
Suppose 4*k = k + 30. Let d = -44 - -83. Calculate the remainder when d is divided by k.
9
Let f be (-20)/(-15) - 2/(-3). Suppose f*v + 1 = 9. Suppose v*k - 54 = k - i, 0 = i. Calculate the remainder when 34 is divided by k.
16
Let c = 15 + -6. Let y be 10/4*(-36)/(-45). Let j = c + y. Calculate the remainder when j is divided by 6.
5
Let x be (2/4)/((-15)/(-150)). Suppose -m - 5*k = 11, x*m + 7*k - 45 = 2*k. What is the remainder when 54 is divided by m?
12
Suppose 0 = x - 7 + 1. Suppose k + 2 = 12. What is the remainder when k is divided by x?
4
Suppose -k + 13 = i, -4*i + 3*k = -17 - 14. What is the remainder when 19 is divided by i?
9
Let r be (-3 - -1) + (-6)/(-2). Let y = r - 1. What is the remainder when 27 is divided by (-3 - y)*(-84)/18?
13
Let c = 39 - -7. What is the remainder when c is divided by (4/12)/(3*2/288)?
14
Suppose 0 = -9*g + 7*g + 158. What is the remainder when g is divided by (4/(-2))/(10/(-135))?
25
Let t = 29 + -21. Calculate the remainder when 15 is divided by t.
7
What is the remainder when 33 is divided by (-72)/(-4) + -2 + 1?
16
Suppose -4*s - 20 = 2*b, 3*b = -4*s - 15 - 11. Let z be 39/b + (-2)/(-4). Calculate the remainder when (-8)/(-6) + 2/z is divided by 1.
0
Let q = -9 + 48. Suppose -n - 2*n + 91 = -2*w, -2*n - 3*w + q = 0. What is the remainder when n is divided by 7?
6
Let v(c) = c**3 - 5*c**2 + 4. Let j be v(5). Suppose 5*s = s - j*y + 96, -4*s + 98 = 5*y. Calculate the remainder when s is divided by (12/(-10))/((-2)/10).
4
Suppose 0 = -w + 2 + 4. What is the remainder when 34 is divided by 70/w - 2/(-6)?
10
Let s(k) be the third derivative of k**5/60 + k**4/8 - k**3/2 - 2*k**2. Let f(u) = -4*u. What is the remainder when s(2) is divided by f(-1)?
3
Suppose 2*n + 6 = -4. Let h = 18 + n. Let i(z) = -z**2 + 9*z + 5. Calculate the remainder when h is divided by i(9).
3
Suppose -a = 2*q + q - 9, -q - 13 = -5*a. Suppose 0 = -0*z + a*z - 21. What is the remainder when z is divided by 3?
1
Let n be (-1)/3 + 20/(-12). Suppose -k = 4*k - 25. What is the remainder when k is divided by -4*n/(-4) - -4?
1
Let x be 8/6*(-36)/(-24). Suppose -4*l - m = -1 + 3, 2*l - 2*m - 4 = 0. Suppose -i + x*i - 15 = l. What is the remainder when 27 is divided by i?
12
Let i be 2/(-4)*(0 - 6). Let z be 62*(-1)/(-3)*i. Suppose 4*c - z = 18. What is the remainder when 39 is divided by c?
19
Suppose m - 88 - 32 = 0. Suppose 2 - m = -2*b. Suppose -40 = -g - g. Calculate the remainder when b is divided by g.
19
Let c be 6/(-8) + (-43)/(-4). Let y = 17 - c. What is the remainder when 27 is divided by y?
6
Suppose -l = -3 - 23. Let c = 36 - l. What is the remainder when c is divided by 6?
4
Suppose 75 = u - 3*i, -3*u + 3*i + 205 = 4*i. What is the remainder when u is divided by 18?
15
Suppose -3*u - 9 = 33. Calculate the remainder when (-72)/14*u*1 is divided by 25.
22
What is the remainder when 15 is divided by (-101)/(-11) - (-6)/(-33)?
6
Suppose -52 + 18 = 2*r. Let v = -12 - r. Suppose -v*f = -5*z + 69 - 14, 43 = 5*z + f. Calculate the remainder when 26 is divided by z.
8
Let g(b) = b**3 + 9*b**2 - 9*b + 19. Suppose 5*p - 2*r = 124, -4*p - p - 4*r + 112 = 0. What is the remainder when p is divided by g(-10)?
6
Suppose 3*p - 4*p + 5*f = -289, f - 1093 = -4*p. Suppose p + 236 = 3*b. Suppose -6*j = -j - b. Calculate the remainder when j is divided by 18.
16
Let p = 0 + 2. Let f = -2 + p. Suppose -d + 2*d - 15 = f. Calculate the remainder when 43 is divided by d.
13
Let p(u) = 8*u**3 + 3*u**2 + 3*u - 1. Calculate the remainder when p(2) is divided by 21.
18
Let r(w) = -w**3 + 6*w**2 + 7*w + 6. Calculate the remainder when (1*-3)/((-1)/3) is divided by r(7).
3
Let x(w) be the second derivative of w**4/4 + w**3/6 - w. What is the remainder when x(1) is divided by 3?
1
What is the remainder when 30 + -1 + 0 + 3 is divided by 19?
13
Let t(h) be the first derivative of h**4/4 - 2*h**3 - 3*h**2/2 - 4*h + 4. What is the remainder when t(7) is divided by 13?
11
Suppose 32 = -4*v - 0*v. Let m = v - -8. Suppose 3*j - 10 + 1 = m. What is the remainder when 10 is divided by j?
1
Let u = -5 - -9. Suppose u*z + 64 = 2*z. Calculate the remainder when ((-9)/6)/(3/z) is divided by 9.
7
Suppose -2*q + 4*q = 150. What is the remainder when q is divided by (-5)/(-15)*-13*-6?
23
Let b = 12 + -8. Suppose -b*q + k = 29, -k - 3*k + 14 = q. What is the remainder when 24 is divided by (3 - 42)*2/q?
11
Suppose 3*o + 2*x - 